 factors of 2958290395.
5, 591658079
What are the prime factors of 164554051?
3359, 48989
List the prime factors of 59573136.
2, 3, 7, 177301
What are the prime factors of 2445272218?
2, 347, 3523447
What are the prime factors of 683164902?
2, 3, 7, 16265831
What are the prime factors of 864920713?
17, 149, 341461
List the prime factors of 52215620.
2, 5, 2610781
List the prime factors of 2135796982.
2, 11, 97081681
What are the prime factors of 144854438?
2, 72427219
List the prime factors of 2181289252.
2, 67, 89, 109, 839
What are the prime factors of 55338029?
173, 179, 1787
What are the prime factors of 50737745?
5, 10147549
What are the prime factors of 26700426?
2, 3, 1483357
List the prime factors of 6524974402.
2, 229, 14246669
List the prime factors of 32568069.
3, 23, 113, 4177
What are the prime factors of 36158733?
3, 13, 23773
What are the prime factors of 4736113851?
3, 7, 149, 1513619
List the prime factors of 25067963.
151, 166013
List the prime factors of 3053149122.
2, 3, 23, 22124269
List the prime factors of 161897610.
2, 3, 5, 7, 47, 349
What are the prime factors of 266114617?
17, 15653801
List the prime factors of 15632855.
5, 7, 317, 1409
What are the prime factors of 963038759?
569, 1692511
List the prime factors of 818205220.
2, 5, 7, 23, 103, 2467
What are the prime factors of 1411238326?
2, 929, 759547
What are the prime factors of 3979896306?
2, 3, 137, 157, 30839
List the prime factors of 7483406446.
2, 107, 2711, 12899
List the prime factors of 399011993.
399011993
What are the prime factors of 45728931?
3, 1669, 9133
What are the prime factors of 186389071?
11, 17, 409, 2437
What are the prime factors of 1536409941?
3, 11, 31, 37, 40591
What are the prime factors of 270708153?
3, 17, 53, 100151
What are the prime factors of 166410346?
2, 1373, 60601
List the prime factors of 43589023.
59, 738797
List the prime factors of 98346340.
2, 5, 109, 197, 229
What are the prime factors of 1429778690?
2, 5, 19, 7525151
What are the prime factors of 9682141?
7, 47, 29429
What are the prime factors of 156992982?
2, 3, 59, 317, 1399
List the prime factors of 324113808.
2, 3, 103, 65557
List the prime factors of 2624947332.
2, 3, 7, 1931, 16183
What are the prime factors of 172581325?
5, 7, 251, 3929
What are the prime factors of 4744291203?
3, 19, 163, 56737
List the prime factors of 61684068.
2, 3, 23, 223493
What are the prime factors of 43383081?
3, 7, 295123
List the prime factors of 913426352.
2, 263, 217069
List the prime factors of 240884275.
5, 9635371
List the prime factors of 357189336.
2, 3, 7, 79, 8971
What are the prime factors of 1574376361?
199, 619, 12781
List the prime factors of 8881013216.
2, 47, 5904929
List the prime factors of 44078511.
3, 23, 638819
List the prime factors of 1132013827.
7, 541, 42703
List the prime factors of 15319293.
3, 11, 103, 4507
List the prime factors of 1056138926.
2, 41, 613, 21011
List the prime factors of 180678970.
2, 5, 167, 108191
What are the prime factors of 3813794541?
3, 2411, 175759
What are the prime factors of 3084552886?
2, 31, 127, 391739
List the prime factors of 5220403317.
3, 31, 47, 131, 1013
What are the prime factors of 6147028?
2, 601, 2557
What are the prime factors of 774762885?
3, 5, 13, 1324381
What are the prime factors of 123742683?
3, 13749187
What are the prime factors of 261688247?
5437, 48131
List the prime factors of 285323683.
6991, 40813
List the prime factors of 1143808014.
2, 3, 190634669
List the prime factors of 624324864.
2, 3, 17, 47819
List the prime factors of 781125330.
2, 3, 5, 26037511
What are the prime factors of 471286067?
7, 9618083
What are the prime factors of 2730397?
2730397
What are the prime factors of 331607243?
11, 131, 230123
What are the prime factors of 1394633335?
5, 17, 461, 35591
List the prime factors of 67238218.
2, 33619109
What are the prime factors of 30847782?
2, 3, 7, 734471
What are the prime factors of 3495024953?
7, 499289279
List the prime factors of 5533834261.
3137, 1764053
What are the prime factors of 144077960?
2, 5, 13, 277073
What are the prime factors of 306750748?
2, 29, 2644403
What are the prime factors of 4837528038?
2, 3, 7, 23, 673, 1063
List the prime factors of 1670210134.
2, 61, 89, 101, 1523
What are the prime factors of 2840685984?
2, 3, 41, 80191
What are the prime factors of 290611903?
97, 2995999
What are the prime factors of 7289565?
3, 5, 443, 1097
What are the prime factors of 3695564529?
3, 31, 569, 23279
List the prime factors of 3765688330.
2, 5, 376568833
What are the prime factors of 892579460?
2, 5, 103, 433291
List the prime factors of 325859782.
2, 162929891
List the prime factors of 60336755.
5, 12067351
List the prime factors of 268084656.
2, 3, 7, 265957
List the prime factors of 176290635.
3, 5, 1721, 6829
List the prime factors of 31880690.
2, 5, 89, 113, 317
List the prime factors of 3276566272.
2, 7, 47, 38903
What are the prime factors of 39577405?
5, 7, 1130783
List the prime factors of 48222931.
17, 19, 149297
List the prime factors of 1657598671.
163, 10169317
What are the prime factors of 604504102?
2, 2027, 149113
What are the prime factors of 160243525?
5, 13, 239, 2063
What are the prime factors of 190479571?
109, 1747519
List the prime factors of 348078136.
2, 7, 23, 53, 5099
List the prime factors of 65039574.
2, 3, 2081, 5209
What are the prime factors of 47480755?
5, 7, 193799
What are the prime factors of 4265577637?
47, 2053, 44207
What are the prime factors of 103116621?
3, 34372207
What are the prime factors of 120731820?
2, 3, 5, 11, 182927
List the prime factors of 166720962.
2, 3, 27786827
List the prime factors of 2687451857.
73, 36814409
What are the prime factors of 44071439?
4597, 9587
What are the prime factors of 1562206302?
2, 3, 86789239
What are the prime factors of 874641501?
3, 97182389
What are the prime factors of 806502396?
2, 3, 7, 9601219
List the prime factors of 230615360.
2, 5, 577, 1249
What are the prime factors of 12331170?
2, 3, 5, 109, 419
What are the prime factors of 1735278?
2, 3, 289213
What are the prime factors of 190725486?
2, 3, 7, 4541083
List the prime factors of 780507799.
229, 3408331
What are the prime factors of 33957104?
2, 19, 5879
List the prime factors of 1886154772.
2, 37, 12744289
What are the prime factors of 113528497?
9533, 11909
List the prime factors of 499991156.
2, 7, 19, 97, 9689
What are the prime factors of 810422538?
2, 3, 17, 7945319
What are the prime factors of 129564509?
89, 1455781
What are the prime factors of 819747414?
2, 3, 45541523
What are the prime factors of 422604553?
7, 23, 733, 3581
What are the prime factors of 6774903641?
11, 1171, 525961
What are the prime factors of 44726650?
2, 5, 811, 1103
List the prime factors of 507566339.
7, 67, 1082231
List the prime factors of 219017216.
2, 11, 4861
What are the prime factors of 426786666?
2, 3, 17, 23, 109, 1669
List the prime factors of 41930883.
3, 109, 42743
List the prime factors of 215821824.
2, 3, 71, 1979
What are the prime factors of 27799109?
13, 19, 241, 467
List the prime factors of 1230348584.
2, 31, 4961083
List the prime factors of 52833117.
3, 17611039
List the prime factors of 1146922431.
3, 382307477
What are the prime factors of 146297524?
2, 43, 850567
What are the prime factors of 30473564?
2, 11, 692581
What are the prime factors of 558667062?
2, 3, 89, 348731
List the prime factors of 59957166.
2, 3, 9992861
List the prime factors of 1036753313.
17, 23, 1523, 1741
List the prime factors of 974481852.
2, 3, 81206821
List the prime factors of 217015728.
2, 3, 191, 23671
List the prime factors of 1002964.
2, 250741
List the prime factors of 1239386150.
2, 5, 19, 101, 12917
What are the prime factors of 78521764?
2, 2677, 7333
List the prime factors of 22396250.
2, 5, 19, 23, 41
List the prime factors of 52486623.
3, 7, 92569
What are the prime factors of 121809593?
97, 113, 11113
List the prime factors of 1089865932.
2, 3, 37, 787, 3119
What are the prime factors of 1568046313?
1213, 1292701
List the prime factors of 767681355.
3, 5, 7, 613, 11927
List the prime factors of 66499139.
7, 787, 12071
What are the prime factors of 4412862228?
2, 3, 1319, 278801
List the prime factors of 107664153.
3, 29, 123751